ed by 28?
22
Let z(t) = t**2 - 4*t. Let x be z(4). What is the remainder when 11 is divided by (6 - (2 + 0)) + x?
3
Let a = 42 + -25. Let t = -182 + 286. Suppose 4*y = 2*i - 62, -y + 6*y - t = -3*i. What is the remainder when i is divided by a?
16
Calculate the remainder when 68 is divided by ((-46)/5)/(12/(-30)).
22
What is the remainder when 13 is divided by 3/(-1)*(-2 - 8/12)?
5
Let u = 54 - 38. Let k = -5 + u. Calculate the remainder when 21 is divided by k.
10
Let u = -23 - -39. What is the remainder when 77 is divided by u?
13
Let s = 79 + -57. What is the remainder when 107 is divided by s?
19
Let v be (5 - 8)/((-6)/26). Let b = v + -2. What is the remainder when b is divided by -9*(14/(-6) - -2)?
2
Suppose -2*t - 10 = -0*t. Let n(i) = i**3 + 5*i**2 - 3*i + 4. What is the remainder when n(t) is divided by 0 + 9 - (-4)/(-2)?
5
Suppose 4*p - 90 = -p. What is the remainder when p is divided by 5?
3
Suppose f + 3*f - 292 = 0. What is the remainder when f is divided by 25?
23
Suppose -2*x - x = -57. Suppose -2*c - 35 = -q + 20, 2*q = -c + 110. Calculate the remainder when q is divided by x.
17
Suppose -3*n + 3*g + 59 = -n, -g + 61 = 3*n. Calculate the remainder when n is divided by 5.
2
Let t(a) = 2*a - 3. Let b(g) = 6*g - 6. Calculate the remainder when b(4) is divided by t(4).
3
Let j be (-3 + 4)/((-2)/(-22)). Suppose -d = -j + 1. What is the remainder when 19 is divided by d?
9
Suppose 0*l + 5*l - 25 = 0. Suppose l*c + 6 = 16. Suppose -31 = c*g - 3*g. Calculate the remainder when g is divided by 11.
9
Suppose -2*x = -22 - 34. Calculate the remainder when x is divided by 15.
13
Let n(f) = -11*f + 5. Let x be n(-4). Suppose 0 = 5*o - 2*o + b - 28, -5*o - 4*b + x = 0. Calculate the remainder when 16 is divided by o.
7
Suppose -4*p - 18 = 5*c - 95, -c = 5*p - 112. Let m be (-2)/(-2)*(0 - 11). Let x = m - -17. What is the remainder when p is divided by x?
5
Suppose 2*l - 5 = 3. Suppose 82 = 2*d - l*q, 5*d - 4*q - 223 = -0*q. What is the remainder when d is divided by 12?
11
Let a = 76 + 33. Let j(h) = -3*h**3 + h**2 + h. Let p be j(-1). Suppose -4 = 4*m, -p*k = k + 3*m - a. Calculate the remainder when k is divided by 15.
13
Let m = 8 + -5. Suppose m*i - i - 4 = 2*h, 5*i = -h + 22. Calculate the remainder when 66/18 + 2/(-3) is divided by h.
1
Suppose -1 = -b + 12. Suppose 0 = -2*z + b + 33. Calculate the remainder when z is divided by 10 - (0 + (5 - 3)).
7
Let d = 92 + -64. Calculate the remainder when d is divided by 47/3 - (-4)/(-6).
13
Suppose -3*y - 2*g - 80 = -387, 3*g = -5*y + 510. Suppose -y = -2*b - 5*s, 2*b - 89 = 3*s - 6*s. Calculate the remainder when b is divided by 10.
7
Let f(u) = u**2 - 11*u + 1. What is the remainder when 21 is divided by f(12)?
8
Suppose 3*g - 3*d = d + 54, -23 = -g + 3*d. Calculate the remainder when 23 is divided by g.
9
Let f(c) = c**2 - 9*c - 5. Let s be f(10). Let j = 7 - s. Calculate the remainder when j is divided by 2.
0
Let o = 14 - 5. Suppose -1 - 3 = -2*z. What is the remainder when (-102)/4*z/(-3) is divided by o?
8
Suppose -n - 3*i = 4*n - 42, 3*i + 6 = 3*n. Suppose 0 = -4*z + 38 + 26. Calculate the remainder when z is divided by n.
4
Suppose -p - 3*p - 12 = 0. Let t = p + 5. Suppose -t*y = -89 + 9. Calculate the remainder when y is divided by 14.
12
Let m(g) = -g**2 + 7*g - 1. Suppose 4*u + 2*c - 19 = u, 29 = 4*u - c. Let x be m(u). What is the remainder when 21 is divided by (-52)/(-8) - x/(-2)?
3
Suppose 4*l = 3*z + 91, -3*z + 7*z = 3*l - 63. Let p(m) = -23*m**3 + 1 + 22*m**3 + m**2 + 5*m**2 - 6*m. Calculate the remainder when l is divided by p(4).
7
Suppose g = -6*c + 4*c + 4, -4 = -5*g - 2*c. Suppose g = t + 5*l - 41, 3*l - 1 = 4*t - 73. What is the remainder when t is divided by (-5 + 0)*16/(-10)?
5
Let x(k) = k**2 + k - 3. Let o be x(-3). Suppose o*a - 22 = -2*z, -z = 2*a - 3*a - 21. What is the remainder when z is divided by 92/10 - 1/5?
8
Let z be 12 + 1 + 2*-2. Let c(s) = -s + 12. What is the remainder when 11 is divided by c(z)?
2
Suppose 5*m + 2*q = 29, m - 2*q + 0*q - 13 = 0. Let j = 8 + -3. Calculate the remainder when m is divided by j.
2
What is the remainder when 6 is divided by (-1)/2*-10 - 0?
1
Suppose 3*y = 3*z + 231, 0 = 3*y + 4*z - 3*z - 215. Let m = 55 - 36. What is the remainder when y is divided by m?
16
Suppose 8*f = 4*f + 24. What is the remainder when 17 is divided by f?
5
Calculate the remainder when 73 is divided by (0 - -1)/((-6)/(-114)).
16
Let t(s) = s**3 + 8*s**2 + 5*s - 2. Let v(j) = 2*j**2 + 3*j - 1. Calculate the remainder when v(-5) is divided by t(-7).
10
Suppose -4*k - 5*g = -14, 5*k + 3*g - 23 = 1. Let h = k - 1. What is the remainder when h is divided by 2?
1
Suppose 3*c = -14 + 38. Calculate the remainder when 10 is divided by c*1*1/2.
2
Calculate the remainder when 48 is divided by 0 - (1 - 4 - 7).
8
Let h(x) = -x**2 - 4*x + 17. Let f be 5/(45/(-12))*-3. Let r(y) = 3*y**2 - 5*y + 6. Calculate the remainder when r(f) is divided by h(-5).
10
Suppose -5*m - 4*i + 129 = -6*i, -2*m + 3*i = -45. Suppose m = w - 26. What is the remainder when w is divided by 18?
17
Let u = 5 - -11. Calculate the remainder when (-2 - u)*(-25)/15 is divided by 8.
6
Let l(z) be the third derivative of -z**4/2 + z**3/6 - 2*z**2. What is the remainder when l(-2) is divided by (27/(-6))/((-1)/2)?
7
Suppose 3*x - 9*x = -30. Calculate the remainder when x is divided by 5.
0
What is the remainder when 12/(-6) - (-11 - -1) is divided by 5?
3
Suppose 2*i = -i + 33. Suppose -i = 2*g - 229. Calculate the remainder when g is divided by 28.
25
Suppose -11 = -3*d - 5*r, 2*d - 2*r - 3 = -r. Suppose -d*c + 9 = 3. Suppose b + 2*b = c. Calculate the remainder when b is divided by 1.
0
Let w be 4/(-14) + 244/(-28). Let q = 13 + w. Calculate the remainder when 9 is divided by q.
1
Let f = 52 - 4. Let y = 9 + f. What is the remainder when y is divided by 15?
12
Let w(j) = -2*j + 4. Let n be w(4). Suppose -4*a = -3*a - 2. What is the remainder when 44/10 - n/(-10) is divided by a?
0
Let z(l) = 5*l + 28. What is the remainder when 11 is divided by z(-5)?
2
Suppose -p - 6*o + 4*o = 0, 0 = -3*p - 3*o + 6. Suppose 53 = 4*b - 0*b - r, 2*r = -p*b + 62. Let c = 12 + -7. Calculate the remainder when b is divided by c.
4
Suppose -6*r + r = -105. Let k be 1/(-3) - 26/(-6). Suppose l + k = r. Calculate the remainder when 33 is divided by l.
16
Suppose 4*i = 15 + 1. Let p = -39 + 49. Calculate the remainder when p is divided by i.
2
Suppose 5*s + 36 - 1 = 0. Let t = 28 - 16. Calculate the remainder when (-23)/2*(5 + s) is divided by t.
11
Suppose 0*b + 3*b = 75. What is the remainder when 71 is divided by b?
21
Suppose 2*x - 3*x + 3 = 0. Suppose h = -0*h + x. Suppose -l - 18 = -s + h, 2*s + 4*l = 72. Calculate the remainder when s is divided by 14.
12
Suppose 5*v - 3*v + 14 = 0. Let h(z) = z**2 + 6*z - 5. What is the remainder when h(v) is divided by 1?
0
Let l = -2 + 6. Suppose 0 = 3*s - 0*n + l*n - 96, 2*s - 64 = -2*n. What is the remainder when s is divided by 17?
15
Let s(d) = d**3 - 14*d**2 + 14*d - 3. Suppose -16 = 3*y + 5*a, a + 5 = -5*y - 3*a. Suppose y*q - 36 = q. Calculate the remainder when q is divided by s(13).
8
Let o = 19 + -13. Suppose 3*q + g = -g + 32, 1 = g. What is the remainder when q is divided by o?
4
Suppose -4*f + 2*f - 18 = 0. Let u(w) = w**2 + 4 + 6*w + 3*w + 0. Calculate the remainder when u(f) is divided by 2.
0
Let v(y) = -4*y - 6. What is the remainder when 23 is divided by v(-3)?
5
Let b(u) = 7*u. Let y be b(3). Suppose -3*l + y = -3*n, 27 = 4*l - n - 2*n. What is the remainder when 10 is divided by l?
4
Suppose 2*y = -2*y + 16. Suppose -36 = -y*b + 2*b. Calculate the remainder when 35 is divided by b.
17
Let b(g) = 3*g**2 - 11*g. What is the remainder when b(-5) is divided by 33?
31
Suppose 0 = 3*o - 48 - 51. What is the remainder when 228 is divided by o?
30
Let r(w) = 0 + 5 + 2*w + w - 5*w. What is the remainder when 56 is divided by r(-7)?
18
Let j = 21 - 13. Calculate the remainder when j is divided by 3.
2
Let f = -23 - -37. What is the remainder when f is divided by 9?
5
Let g = -22 + 36. What is the remainder when 41 is divided by g?
13
Suppose -p + 111 = 4*d, -2*d = -3*d + 2*p + 39. Calculate the remainder when d is divided by 10.
9
Suppose 7*s = 8*s - 20. What is th